48. Calculate q(-7).
-34
Let j(v) = 2*v**2 - 1359*v - 4088. Give j(-3).
7
Let c(l) = l**3 + 19*l**2 - 31*l - 227. Determine c(-20).
-7
Let q(s) = -s**2 + 278*s + 2275. Give q(-8).
-13
Let q(o) = -58*o - 549. Calculate q(-9).
-27
Let f(l) = 451*l + 14800. Determine f(-33).
-83
Let o(b) = -b**3 - b**2 + 84*b + 3. What is o(8)?
99
Let j(y) = -12*y**2 - 287*y - 286. Determine j(-1).
-11
Let f(u) = 4*u**2 - 239*u + 624. Determine f(57).
-3
Let l(q) = 18*q - 89. Determine l(6).
19
Let j(b) = b**2 + 11*b - 36. Give j(-12).
-24
Let z(v) = 4*v**3 + 71*v**2 + 55*v + 76. Give z(-17).
8
Let h(a) = -2*a**3 - 47*a**2 - 21*a + 78. What is h(-23)?
32
Let l(k) = 21751*k + 130499. Give l(-6).
-7
Let l(r) = r**2 - 740*r - 5929. Determine l(-8).
55
Let o(z) = z**2 - 1672*z - 8400. Give o(-5).
-15
Let j(k) = -k**3 + 6*k**2 - 2*k + 2. Calculate j(4).
26
Let i(r) = 67*r - 169. Calculate i(3).
32
Let l(r) = 51*r - 1424. Give l(20).
-404
Let c(a) = 3*a**3 + 8*a**2 - 49*a - 33. Calculate c(-8).
-665
Let t(y) = -y**3 - 34*y**2 - 145*y - 2. Calculate t(-5).
-2
Let l(p) = 2*p**3 - 12*p**2 + 16*p - 66. Calculate l(5).
-36
Let m(p) = 483*p - 482. Calculate m(1).
1
Let j(b) = 2*b**2 + 102*b + 1256. Give j(-30).
-4
Let j(a) = 204*a - 4922. Calculate j(24).
-26
Let s(v) = -3*v**2 - 48*v + 154. Calculate s(-18).
46
Let d(g) = 23*g + 47. Determine d(-2).
1
Let u(y) = -2*y**3 + 43*y**2 + 31*y - 56. Calculate u(22).
142
Let q(n) = -357*n - 3556. Give q(-10).
14
Let r(p) = 2006*p - 8032. Determine r(4).
-8
Let s(j) = 457*j - 6391. Calculate s(14).
7
Let f(a) = -a**3 + 9*a**2 + 29*a - 7. What is f(-4)?
85
Let z(h) = 100*h**2 - 901*h + 1. Determine z(9).
-8
Let p(s) = 8*s**2 + 26*s - 99. Give p(4).
133
Let w(v) = 8*v**2 - 6*v - 4. Give w(-2).
40
Let g(x) = -60*x**2 + 2*x + 4. What is g(-2)?
-240
Let y(q) = -q**2 - 474*q + 3863. What is y(8)?
7
Let s(h) = h**3 + 76*h**2 - 157*h - 103. What is s(-78)?
-25
Let t(h) = -h**2 - 96*h + 198. Calculate t(2).
2
Let y(b) = 2*b**3 - 30*b**2 + 37*b - 124. Give y(14).
2
Let b(y) = -27*y - 181. Give b(-17).
278
Let u(d) = -3*d**2 - 317*d - 529. Calculate u(-104).
-9
Let l(a) = -4*a**3 - 41*a**2 - 22*a - 119. What is l(-10)?
1
Let f(i) = 5*i**2 + 105*i + 103. Determine f(-19).
-87
Let r(b) = -2*b**2 - 16*b + 132. Give r(5).
2
Let z(h) = -98*h - 4580. Calculate z(-47).
26
Let s(k) = -5*k**3 - 4*k**2 + 120*k + 232. Determine s(-2).
16
Let d(o) = 3*o**2 - 200*o + 3307. What is d(36)?
-5
Let x(g) = 1271*g - 270719. Calculate x(213).
4
Let l(y) = -y**2 + 41*y - 190. Calculate l(27).
188
Let i(d) = -d**3 - 11*d**2 - 35*d - 248. Calculate i(-10).
2
Let m(t) = -t**2 - 2002*t + 21. Determine m(0).
21
Let v(g) = g**3 - 2*g**2 - 284*g + 62. What is v(-16)?
-2
Let u(x) = 2*x**2 - 38*x + 59. Calculate u(25).
359
Let r(n) = 9*n**3 - 5*n**2 - 4*n + 4. Give r(1).
4
Let y(m) = -683*m**2 - m + 8. Calculate y(-1).
-674
Let t(q) = -q**2 - 61*q + 394. Determine t(6).
-8
Let a(t) = -9*t**2 + 328*t - 99. Give a(36).
45
Let x(s) = -38*s**2 + 3*s - 6. Give x(0).
-6
Let k(l) = -28*l - 966. Calculate k(-34).
-14
Let s(v) = v**2 - 46*v + 93. Give s(44).
5
Let r(x) = -13*x**2 - 75*x - 1. Determine r(-6).
-19
Let y(r) = 199*r - 4032. What is y(20)?
-52
Let k(z) = -z**2 + 674*z + 22592. What is k(-32)?
0
Let p(h) = h**3 + 4*h**2 - 285*h - 1145. What is p(-4)?
-5
Let h(r) = 2*r**3 + 197*r**2 - 701*r + 1319. Determine h(-102).
-7
Let o(h) = -h**2 + 63*h - 784. What is o(17)?
-2
Let s(l) = -l**3 - 25*l**2 + 656*l - 33. Calculate s(-41).
-33
Let o(x) = -6*x**2 + 464*x + 10. Calculate o(79).
-780
Let l(i) = -7*i**2 - 38*i - 24. Give l(-5).
-9
Let m(s) = -s**2 - 471*s + 23220. What is m(45)?
0
Let g(v) = -137*v**2 + 1502*v + 62. What is g(11)?
7
Let y(h) = -h**2 + 71*h - 616. Calculate y(10).
-6
Let z(m) = -m**2 + 61*m + 2149. Give z(86).
-1
Let r(u) = -2*u**2 - 9*u + 3979. What is r(-46)?
161
Let r(u) = u**2 + 151*u - 6950. Calculate r(-188).
6
Let l(h) = -6*h**2 - 125*h + 15. What is l(-21)?
-6
Let k(q) = -3*q**2 + 47*q - 5. Give k(9).
175
Let a(k) = k**2 - 7*k - 35. Give a(-7).
63
Let i(v) = -v**2 + 14*v + 54. What is i(16)?
22
Let h(j) = 5*j - 9. Give h(-16).
-89
Let m(a) = -128*a - 383. What is m(-3)?
1
Let g(k) = 3*k**2 - 14*k - 1617. Determine g(-21).
0
Let f(b) = -2*b**2 + 2*b - 18. What is f(5)?
-58
Let y(v) = 10*v - 313. Give y(33).
17
Let h(x) = 2*x**3 + 34*x**2 + 31*x - 19. Determine h(-16).
-3
Let a(n) = -7*n**2 - 43*n + 19. Give a(-7).
-23
Let x(i) = 5*i**3 - 144*i**2 - 18*i - 213. Determine x(29).
106
Let t(r) = -r**3 - 46*r**2 + 42*r + 88. What is t(-47)?
323
Let u(r) = r**3 - 11*r**2 + 20*r + 75. Determine u(6).
15
Let s(c) = c**3 + 47*c**2 - 1894*c - 105. Calculate s(26).
-1
Let a(v) = 6*v**3 + 64*v**2 - 43*v - 240. Calculate a(-11).
-9
Let u(j) = -j**3 + 6*j**2 + 20*j - 27. Give u(8).
5
Let a(z) = 148*z - 2504. Give a(17).
12
Let o(m) = 2*m**2 + 1835*m - 9236. Give o(5).
-11
Let q(s) = -137*s + 1244. Determine q(10).
-126
Let o(u) = -3*u**2 - 870*u + 17609. Determine o(19).
-4
Let f(c) = 1382*c + 4137. Give f(-3).
-9
Let l(m) = m**3 + 61*m**2 - 116*m + 636. What is l(-63)?
6
Let y(u) = -u**3 + 12*u**2 + 27*u + 22. Give y(14).
8
Let w(o) = 2*o**3 + 24*o**2 + 17*o - 25. Determine w(-11).
30
Let x(d) = -1786*d + 8994. Determine x(5).
64
Let n(t) = 2*t**3 - 3*t**2 + 14*t - 16. Determine n(4).
120
Let d(p) = 5*p**2 + 83*p - 228. Calculate d(-19).
0
Let m(t) = -5001*t - 80018. What is m(-16)?
-2
Let v(m) = -m**3 + 9*m**2 + 287*m - 3. What is v(22)?
19
Let v(z) = -z**3 + z**2 + 13*z + 475. Give v(0).
475
Let w(v) = -5*v + 407. Give w(81).
2
Let l(w) = -16*w**3 - 75*w**2 - 23*w - 77. Determine l(-4).
-161
Let g(m) = 1483*m + 142382. Give g(-96).
14
Let s(j) = -502*j - 6011. What is s(-12)?
13
Let f(l) = l**3 - 13*l + 25. Determine f(-5).
-35
Let m(z) = 205*z + 10757. Give m(-52).
97
Let j(g) = -g**3 + 42*g + 41. Calculate j(9).
-310
Let b(x) = -25*x + 3299. Give b(132).
-1
Let y(t) = -t**3 + 18*t**2 - 32*t + 204. Calculate y(16).
204
Let a(i) = -25*i**2 + 679*i - 64. Give a(27).
44
Let u(f) = -f**3 + 42*f**2 - 962*f + 40402. Calculate u(42).
-2
Let v(f) = -4*f**2 + 51*f - 277. What is v(9)?
-142
Let i(l) = 9*l + 434. Calculate i(26).
668
Let j(r) = -60*r + 1393. What is j(23)?
13
Let r(p) = p**3 + 22*p**2 - 39*p + 335. Calculate r(-24).
119
Let a(l) = l**3 - 17*l - 10. Determine a(4).
-14
Let t(m) = -4*m**3 - 4*m**2 + 45*m + 131. Determine t(-3).
68
Let y(n) = -n**2 + 93*n + 528. Calculate y(99).
-66
Let p(g) = -71*g - 232. Determine p(-4).
52
Let m(j) = -2*j**3 + 55*j**2 - 380*j + 23. Give m(14).
-5
Let x(j) = -25*j - 143. What is x(-9)?
82
Let l(v) = v**2 - 74*v - 66. Calculate l(74).
-66
Let y(f) = 33*f - 513. Determine y(15).
-18
Let h(b) = -4*b**2 - 15*b + 28. Calculate h(-6).
-26
Let v(y) = 10*y**2 - 39*y - 87. Give v(-2).
31
Let h(w) = -w**3 - 6*w**2 + 22*w + 129. Determine h(-5).
-6
Let b(v) = -8050*v - 241497. Give b(-30).
3
Let o(v) = -8*v**2 - 4*v - 10. Give o(3).
-94
Let q(b) = 2*b**3 - 3*b**2 + 2*b + 9. Give q(0).
9
Let n(k) = 15*k + 72. Calculate n(-20).
-228
Let u(x) = x**3 + 29*x**2 + 211*x + 149. Calculate u(-11).
6
Let y(n) = -2*n**3 + 9*n**2 - n + 4. Give y(2).
22
Let b(j) = 3*j**2 - 393*j + 370. What is b(130)?
-20
Let i(z) = z**3 + 2*z**2 - 38*z + 49. Determine i(2).
-11
Let r(j) = -2*j**2 + 12*j - 56. Determine r(4).
-40
Let i(q) = -941*q - 8476. Determine i(-9).
-7
Let d(m) = m**3 - 17*m**2 - 58*m - 32. Calculate d(20).
8
Let c(v) = -83*v + 7310. Determine c(88).
6
Let d(a) = -22*a - 1659. Determine d(-84).
189
Let v(i) = i**3 + 9*i**2 + 58*i + 397. What is v(-8)?
-3
Let w(z) = 32*z + 215. Calculate w(-6).
23
Let m(y) = -37*y**3 - 6*y**2 - 6*y + 1. Give m(-2).
285
Let g(l) = 7*l + 411. Calculate g(-52).
47
Let l(v) = -v**3 + 6*v**2 + 59*v - 48. Determine l(11).
-4
Let l(c) = -2*c**3 + 65*c**2 - 31*c - 53. What is l(32)?
-21
Let o(z) = 2*z**2 + 147*z + 1001. What is o(-66)?
11
Let h(p) = -901*p - 295533. What is h(-328)?
-5
Let c(n) = -22*n**3 + 5*n**2 + 5*n - 6. Determine c(1).
-18
Let l(q) = q**2 - 14*q - 43. What is l(19)?
52
Let x(y) = 84*y + 550. Give x(-6).
46
Let y(s) = 899*s - 2667. Determine y(3).
30
Let u(k) = k**2 - 14*k - 274. What is u(-12)?
38
Let l(r) = -r**2 + 30*r + 86. Determine l(25).
211
Let y(k) = 1018*k - 29528. What is y(29)?